?
6
Let g = 8 + -5. Suppose 0 = -g*j + 3*p + 12, -4*j + 3*p = -2*j - 9. Suppose 3*t - 4*h = 25, t + j*h = 5*t - 31. What is the units digit of t?
7
Suppose -4*v - 3*p + 636 = 0, v + 3*p - 159 = -2*p. What is the tens digit of v?
5
Suppose 0*y = 5*y - 5. What is the units digit of (-4 + -2)*(y - 2)?
6
Let n = -136 - -198. What is the units digit of n?
2
Let z be (-1)/(-3) - 24/(-9). Let v(m) = 0*m + 4*m - 2*m**2 + m**z - 6*m - 2. What is the units digit of v(3)?
1
Suppose -6*w + 4*w - 10 = -3*u, 3*w = -4*u + 2. What is the tens digit of 35 + 1 + -3 - u?
3
Suppose -4*c = -3*c - 2*f - 113, 5*c = 5*f + 550. What is the hundreds digit of c?
1
Suppose -18 = l + 4*p, -3*l + 0*l + 4*p + 26 = 0. Let o be (-1 + 2)*-1*-1. Let i = l + o. What is the units digit of i?
3
Let a(r) = 4*r**2 - r - 2. Let s be a(2). Suppose -36 = -5*h + h. Suppose -h*i + s = -6*i. What is the units digit of i?
4
Let f(u) = -u - 4. Let c be f(-2). Let z(d) = 5*d**2 - d - 4. What is the tens digit of z(c)?
1
Let d(g) = 11*g**3 - 15*g**2 + 3*g + 4. Let w(y) = 5*y**3 - 7*y**2 + y + 2. Let z(x) = 3*d(x) - 7*w(x). What is the tens digit of z(-2)?
2
Let w = 1 - 0. Let v = 0 + w. Suppose -r - v = -3. What is the units digit of r?
2
Suppose -312 = -4*a + 2*f, 3*a - 389 = -2*a + 2*f. What is the units digit of a?
7
Suppose -2*l - 7 = -3. Let b be 18/(-5 - l) + -1. Let j(v) = -v. What is the units digit of j(b)?
7
Let z(o) = o + 9. Let m be z(-10). What is the units digit of 10*m/4*-2?
5
Suppose 0 = 5*b - 20, -3*d - 2*b + 23 = 3*b. What is the units digit of d?
1
Suppose 0 = u + 4, 0*o = 4*o + u - 208. What is the units digit of o?
3
Let m(d) = -9*d + 2. What is the units digit of m(-2)?
0
Let r = 342 + -181. What is the hundreds digit of r?
1
Let w(g) = -g**2 - 9*g - 9. Suppose 3*k + 5 = 2*q - q, 3*k - 10 = -2*q. Suppose k = 5*t + 2 + 33. What is the units digit of w(t)?
5
Suppose 2*h = 5*m - 76, 4*m - h = -3*h + 68. Let f = m - 8. What is the units digit of f?
8
Let l(r) = 5*r + 11. Let j(p) = p + 3. Let h(z) = -9*j(z) + 2*l(z). Let w be h(5). Suppose w*q - 12 = -2*q. What is the units digit of q?
6
Let t be (3 - 2)*-1*13. Let z = 5 - t. What is the tens digit of z?
1
Suppose 63 + 15 = 2*l. What is the units digit of l?
9
Suppose -18 = -3*n - a, -24 = -4*n - 4*a + 2*a. Let l(z) = -z**3 + 4*z**2 + 7*z + 2. Let t be l(5). Let k = t - n. What is the units digit of k?
6
Let h be -4*4/(-1*4). What is the tens digit of 1 + (2 - h) + 30?
2
Let x be (-2)/(-3) + (-6)/(-18). Let z be 0/2*x/(-2). What is the tens digit of 5/(z - 3/(-6))?
1
What is the tens digit of 18/((6/9)/1)?
2
Let u = 29 - 17. Suppose 5*w + 3*o - 128 = o, 0 = w - 3*o - u. What is the tens digit of w?
2
Suppose -v - 77 = 3*i + 3*v, -5*v - 103 = 4*i. Let x = i - -43. Let g = x - 7. What is the units digit of g?
9
Suppose -180 = -6*u + 168. What is the units digit of u?
8
What is the units digit of (-1)/(-10)*5*28?
4
Suppose -3*g = 17 - 2. Let h = g - -10. Suppose 0 = -5*k + 7 + 13, -13 = o - h*k. What is the units digit of o?
7
Let m be (3/4)/((-1)/(-4)). Suppose -m*i + 2*i + 35 = 0. What is the units digit of i?
5
Suppose 5*p - 106 = 54. What is the tens digit of p?
3
Let y(j) = -j**3 + j - 3. Suppose 2*f + q - 10 = 0, -2*q = 2*f + 2*q - 22. Let p be y(f). Let h = -13 - p. What is the units digit of h?
4
Let s = 37 + 9. What is the units digit of s?
6
Let t = 13 + 26. What is the units digit of t?
9
Let t = 1 + 0. Let a be (2 + -2)*1/t. Suppose a = f - 6 - 2. What is the units digit of f?
8
Let z(w) = -w + 11. Let a(n) = n - 5. Let p be a(4). Let r be 6 + -3 - (p - -4). What is the units digit of z(r)?
1
Let z = 11 - 3. Suppose 5*i = z*i - 6. What is the units digit of i?
2
Let o be -9 - (4/(-2) - 0). Let c(y) = -y - 2 + 3*y - 2*y - 2*y. What is the tens digit of c(o)?
1
Suppose -5*a - 20 = -2*r, -a = 5*r - 6*a - 35. Suppose 32 = 3*p + r*b, 4*p - p - 3*b = 48. What is the units digit of p?
4
Suppose 0 = -2*v + v - 1. Let b = v + 3. Suppose i = -2, h - 3*i + b*i = 4. What is the units digit of h?
2
Let m = 1 + -1. Suppose -2*n - 2 = -m*n. What is the units digit of (-2 + 4 + n)/1?
1
What is the units digit of -27*3*4/(-9)?
6
Let t(p) = p**2 + p. Let g be t(-2). Suppose 4 = g*z - 2. What is the units digit of z?
3
Let k = 4 - -3. What is the units digit of k?
7
Let b(g) = 2*g - 3. What is the tens digit of b(11)?
1
Suppose 0*f = -f + 5. Suppose 0 = i + c + c + 3, 3*c + 11 = f*i. What is the units digit of i?
1
Let x(d) = 2*d**2 - 3*d + 3. Let b be x(-3). Let m = b - 20. What is the units digit of m?
0
Let r(n) be the second derivative of n**5/20 + 3*n**4/4 + 4*n**3/3 - 4*n**2 - 2*n. What is the tens digit of r(-7)?
3
Suppose p - 5*p = 2*f + 26, 20 = -4*p. Suppose -16 = -0*t + 2*t. Let r = f - t. What is the units digit of r?
5
Let x = 289 - 155. What is the tens digit of x?
3
Suppose -2*p - 12 = -14. Suppose -5*x + 11 - p = 0. What is the units digit of x?
2
Suppose l - 4*n = -1 - 1, -4*l - 5*n - 29 = 0. Let o be 1 + 1 - (l + 3). Suppose 5 = -i, -1 - 20 = 4*p + o*i. What is the units digit of p?
1
Suppose 0 = -3*u - 5*y + 84, 2*u = -2*u + y + 112. What is the units digit of u?
8
Suppose 8 = -4*t + 5*i, 3*t - 5*t + 3*i - 6 = 0. What is the units digit of t?
3
Let a = 24 + 15. What is the units digit of (4/6)/(2/a)?
3
Let o(a) = 9*a**2 + 3*a - 3. Let l be o(-5). Suppose -5*t = v - l, 2*t - 93 = 6*v - 3*v. What is the units digit of t?
2
Suppose 5*f = -2*u - 155, -f + 2*u = 3*f + 106. Let h be 3/2*-1*12. Let l = h - f. What is the units digit of l?
1
Let f = 27 - 29. What is the tens digit of (f + -1)/(33/(-506))?
4
Suppose 0 = 12*h + h - 2613. What is the tens digit of h?
0
Suppose 5*c + 11 - 71 = 0. Let i be (-4)/c - 32/(-6). Suppose -i - 39 = -4*o. What is the tens digit of o?
1
Let j(o) = 2*o**2 + 2*o - 3. Let u be j(3). Let t be (-6)/u - 9/(-7). Suppose 2*d - 3 = -t. What is the units digit of d?
1
Suppose -108 = -4*o + 3*c, 0*o + o = 4*c + 40. What is the tens digit of o?
2
Suppose 3*d - 133 = -2*s, 0*d + 3*d = 2*s + 149. What is the units digit of d?
7
What is the units digit of (-1)/(-8) + (-7932)/(-32)?
8
Suppose -2*a = -4*a - 26. Let z = 27 - 2. Let p = a + z. What is the units digit of p?
2
Let a(f) = -41*f**3 + f**2. What is the tens digit of a(-1)?
4
What is the units digit of 1*(-3 - (-4 - 0))?
1
Suppose -o - 33 = 2*o. What is the units digit of (-2)/o + (-256)/(-44)?
6
Let o(n) = 0*n - 5*n**2 + 3*n + 10*n**2. Let w be o(-5). Suppose 5*k = 2*d - 74 + 18, w = 5*d - 5*k. What is the units digit of d?
8
Suppose -510 = -4*d + 110. What is the units digit of d?
5
What is the tens digit of 4 + 1113/18 + 2/12?
6
Suppose -4*k + 73 = 2*p - k, -157 = -5*p + k. What is the units digit of p?
2
Let q = -122 + 282. What is the units digit of q?
0
Let j(m) = -m. Let w = -2 + -8. What is the tens digit of j(w)?
1
Suppose -5*p = 5, -g - 4*p - 36 = -3*g. Suppose -7*l + 3*l + g = 0. Suppose -o = s - 3 - 7, 5*o = l*s - 22. What is the units digit of s?
8
Let f(u) = u**3 - 5*u**2 + u - 5. Let w be f(5). Let c(m) = m + 3. Let j be c(w). Suppose -q + 1 = -4*x + 38, 3*x + j*q = 9. What is the units digit of x?
8
Let q(z) = z**3 - 4*z**2 - 2*z - 1. Suppose 0 = 2*b - 2 - 8. Let u be q(b). Suppose -5*l + u = 4. What is the units digit of l?
2
Let a be (-41)/(-2) + (-3)/(-6). Let p = a - 3. What is the units digit of 2 + p/3 + -1?
7
Let v(f) = -f**3 - 7*f**2 - 4*f + 12. Let d be v(-6). Let g(t) = t**2 + 4*t + 2. Let n be g(-4). Suppose n*b = -d*b + 34. What is the tens digit of b?
1
Let i(d) = -3*d + 2. Let w = 1 + -6. What is the tens digit of i(w)?
1
Let o be 0 + (-3 - -10) + -3. Suppose 0 = 4*x - 0*x - o. Let w = 2 + x. What is the units digit of w?
3
Let k(n) = 6*n**3 - 6*n**2 - 10*n + 8. What is the tens digit of k(4)?
5
Suppose -8*a - 50 = -3*a. Let y = 18 + a. What is the units digit of y?
8
Let s = 15 - 9. Let u = 8 - s. Suppose 2 = -3*p - u*d - 5, -3*p + 23 = -4*d. What is the units digit of p?
1
Let i(t) = 6*t**2 - 5. Let z(n) = -5*n**2 + n + 6. Let f(r) = -4*i(r) - 5*z(r). What is the tens digit of f(9)?
2
What is the tens digit of 760/16 - (-2)/4?
4
Let m(p) be the first derivative of -p**4/4 + 4*p + 3. What is the units digit of m(0)?
4
Let g(m) = 4*m + 3. Let n be g(-2). Let u(r) = -2*r - 7. Let v be u(n). Suppose 0*f - v*f = -